number?
False
Is (-36)/((-24)/(-4)) - -2329 a prime number?
False
Let s(l) be the first derivative of 41*l**2 - 21*l + 1. Is s(7) a composite number?
True
Let l(g) = -65*g**3 + 3*g**2 + 3*g + 1. Let i be l(-2). Let n(m) = -2*m**2 - 21*m + 15. Let a be n(9). Let p = i + a. Is p a prime number?
True
Suppose 0 = -4*p - 3*z + 14, -p - 10 = -3*p - 3*z. Let g = p - -2. Suppose g*u = w - 74, 3*w = 2*u + 198 - 6. Is w prime?
False
Let l = -11384 + 16693. Is l prime?
True
Let f = 13580 + -8031. Is f a prime number?
False
Suppose 0 = 7*m - 11400 - 60707. Is m composite?
False
Let i = -160 + 415. Let h = i + -1. Is h + -1 + -3 + 3 a composite number?
True
Suppose 3*f + 2*g + 0*g = 13, -5 = -5*f + 5*g. Let t(x) = 2 + 1 - 2*x - 6 + x**f - 5*x - 5*x**2. Is t(8) a composite number?
True
Suppose 44 + 254 = 4*o + 3*i, 3*o = 4*i + 236. Let r = 7 - o. Is 6*(1 + r/(-2)) a prime number?
False
Suppose 4*f - 7*f = -6. Suppose -d + 51 = -0*d - f*z, -2*d + 3*z + 103 = 0. Is d a prime number?
True
Let s be (-1 + 7 + -2)*-1. Let g = s - -4. Suppose 4*p - 8*p + 28 = g. Is p a prime number?
True
Let h = -18 - -21. Let y(f) = -6*f + 0*f**3 + 2 + 1 - 4*f**2 + 0*f**3 + f**h. Is y(8) composite?
False
Suppose -b - 4*j + 7 = 0, -4*b = -2*j + 5*j + 37. Is b/104 + 8345/8 prime?
False
Let i(h) = -h**2 + 6*h - 7. Let s be i(3). Suppose -1 = 3*m - s*m. Is m + (-7)/(21/(-24)) a composite number?
False
Suppose 5*a - 5*j = 390495, 12 = -5*j + 22. Is a prime?
True
Suppose -4*c + 2*d = -26254, 3*c - 6*c - 5*d + 19684 = 0. Is c a prime number?
True
Let y(o) = -o**2 - 1. Let n be y(-3). Let f = 11 + n. Is f/(((-3)/(-30))/1) prime?
False
Let g(y) be the second derivative of -y**4/12 - y**3/2 + 13*y**2/2 + 13*y. Let k be g(-6). Is (-1114)/k + 3/15 a prime number?
True
Let s = 5267 - 576. Is s a prime number?
True
Let g(w) = -2*w + 1 + w - 41*w**3 - 41*w**3 + 21*w**3. Let x be g(1). Let m = -28 - x. Is m composite?
True
Suppose 45*h = 61*h - 57296. Is h composite?
False
Let j(f) be the third derivative of 29*f**8/20160 + f**6/240 - 2*f**5/15 - 4*f**2. Let h(y) be the third derivative of j(y). Is h(-4) a prime number?
True
Let s = -96 - -99. Suppose 3*g - 6*g + s*p + 603 = 0, 1041 = 5*g + 4*p. Is g a prime number?
False
Suppose -2*h - 70101 = -11*h. Is h a prime number?
True
Let t be 1*2 + (9 - -10). Is ((-22449)/t)/(0 - 1) composite?
False
Suppose 0*n - 7442 = -h - n, h - 4*n - 7457 = 0. Is h a composite number?
True
Suppose 1476 = j + 2*j. Let x be j + -4 + (4 - 3). Is 4/12*0 + x a composite number?
True
Suppose -5*o - 4*n + 472794 = 0, -4*o + 193632 = n - 184601. Is o a composite number?
True
Let p(l) = 12 + 11 + 11*l + 13*l. Is p(7) prime?
True
Let l(y) = -8*y**3 + 18*y**2 + 20*y - 1. Is l(-10) a composite number?
True
Let u be 4/(-5 + 1) - 31. Let g be 1/(-4) + (-9288)/u. Suppose s + g = 3*s. Is s a prime number?
False
Let x(d) = 4*d**3 + 5*d**2 - 6*d + 12. Let g be x(7). Let u = g - 848. Is u a prime number?
True
Suppose -2*i + a = -0*i + 285, -3*a = 9. Let f = i + 262. Is f composite?
True
Suppose -17*w = 3*w - 9940. Is w prime?
False
Let o(n) = n - 3. Let x(j) = -j**2 + 12*j + 4. Let f be x(11). Let u be o(f). Let w(l) = -l**3 + 13*l**2 + 5*l - 3. Is w(u) a composite number?
True
Suppose -5*r = -4*o + 7292, 7*o = 6*o + 3*r + 1823. Is o composite?
False
Suppose -z + 2*y + 139 = 0, 5*z - 304 - 373 = y. Suppose 6*j - z = j. Let w = 40 + j. Is w prime?
True
Let z(h) = 9*h**3 - 22*h**2 + 26*h - 136. Is z(15) prime?
True
Let p(y) = -623*y - 282. Is p(-13) a composite number?
False
Let y(j) = 13*j - 7. Let h(w) = w. Suppose 5 = -10*m + 5*m. Let g(z) = m*y(z) + 6*h(z). Is g(-4) prime?
False
Let j(i) = -3*i + 33. Let m be j(10). Suppose -26064 = -5*t + t + 4*z, -2*t + 13027 = -m*z. Is t a prime number?
True
Let y(m) = 15*m**2 + 6*m + 1. Let l = -3 - -4. Let v = -3 - l. Is y(v) a composite number?
True
Let j(v) = 112*v + 5. Let p = -12 - -7. Let q be j(p). Is 4 + (-4 - q/3) prime?
False
Suppose -6580 = -4*m - 2*p, -55*p + 54*p = 4*m - 6576. Is m a composite number?
True
Let t(h) = 2*h**3 + 23*h**2 - 11*h + 15. Let w be t(-12). Suppose -2*o + 8*m + 4308 = w*m, 5*o + 4*m = 10737. Is o prime?
False
Let x be (3 + -2)/((-3)/(-45)). Let v(b) = x*b**2 - 7*b + 1 + 5*b + 5*b. Is v(-3) prime?
True
Suppose -44 = -2*k - 26. Let q(a) = 11*a**2 - 16*a - 2. Is q(k) a composite number?
True
Suppose 0 = -5*w + k + 11256, -25*w + 24*w + 2248 = 3*k. Is w prime?
True
Let r = -33 + 38. Is (r/4)/(10/3160) composite?
True
Suppose -z + 0*z = 2*q - 6572, -4*z + 13140 = 4*q. Is q a prime number?
False
Suppose -5*f - 246 = -2*t, -5*t + 4*t - f = -130. Let k = t - -1127. Is k prime?
False
Let t(p) = -25*p**3 - 3*p**2 + 3*p - 4. Let d(v) = -v**3 + 5*v**2 - 4*v - 3. Let l be d(4). Is t(l) a prime number?
False
Suppose 5*j = 7*j - 10. Suppose -9 = 2*r - j. Is (2/4)/(r/(-1268)) a prime number?
True
Let z be 98/(-3) + (-2)/(-3). Let i be 6035/(-340) - (6/(-8) - 0). Let s = i - z. Is s prime?
False
Let g = -12 - -13. Let w(j) = -12*j - 1. Let t be w(g). Let r = 1 - t. Is r prime?
False
Let y(o) = -31*o - 3. Let a be y(-13). Let p = a - 270. Suppose -76 = -2*l + p. Is l prime?
True
Let w(k) = k**3 + 6*k**2 - k - 11. Let v(r) = r**2 - 1. Let z(d) = 5*v(d) - w(d). Is z(-8) composite?
True
Suppose 12*f = 20399 + 9973. Is f a prime number?
True
Let l(u) = 2*u**2 - 2*u - 2. Let d be l(-1). Suppose 0 = 4*n + 5*w - 4642, 370 + 1962 = d*n - 3*w. Is n a composite number?
False
Suppose 2*d + 0 = 20. Let z(q) = 6*q + 9. Let i(u) = 13*u + 19. Let h(f) = 4*i(f) - 7*z(f). Is h(d) a prime number?
True
Suppose 3*s + 4*n = -2, 2*s + 0 = 2*n + 8. Is 1439/3 + s + (-16)/6 a composite number?
False
Let s = 823 + 1551. Is s composite?
True
Suppose -10*p + 10224 + 55066 = 0. Is p prime?
True
Is 3 - (86301/(-9) - (-5 + 2)) prime?
False
Let v be -4 + 5 - (-2 - -1). Let d(h) = -h**3 + 3*h**2 - 1. Let f be d(v). Suppose -q = 8*y - 3*y - 486, -y = f*q - 1444. Is q composite?
True
Is (2/20)/((-179)/(-17722790)) a prime number?
True
Let n = -23 - -34. Let d(k) = -4 + 10*k + 35*k - 25*k - 5. Is d(n) composite?
False
Let h be (-55*(-15)/2)/(3/4). Suppose k - 2*i = 177 + 78, -2*k + h = 4*i. Is k composite?
True
Suppose 3*s - 2*s - 57 = 0. Suppose -k + 34 + s = 0. Is k a prime number?
False
Let l(j) = -j**3 + 8*j**2 + 6. Suppose -4*s = 4*d - 0*d, 0 = -5*s + 5*d + 20. Suppose s*a - 24 = -a. Is l(a) prime?
False
Suppose -2*c + 6653 = -821. Is c a prime number?
False
Suppose -4*u = g + 2*g + 1264, -5*g + 977 = -3*u. Let y = 366 - u. Is y a prime number?
False
Suppose s = -3 + 6. Suppose g = 5*g, s*c + 5*g = 6. Suppose 0 = -0*z + c*z - 182. Is z a prime number?
False
Let f(d) = 57*d**2 + 10*d + 36. Is f(11) a prime number?
True
Let v(s) = -s - 5. Let m be v(-10). Suppose -m*a + 19 = -1, -38 = 2*l - 2*a. Let h = 56 - l. Is h a composite number?
False
Let i be 10/(-4)*(-40)/50. Let f be -1*(i/2 - -27). Let u = -17 - f. Is u a composite number?
False
Is (6163/7)/(2/14) composite?
False
Let i be (-2)/3 - (-34)/6. Suppose x + i*a - 242 = 0, x - 5*x = -2*a - 858. Is x a composite number?
True
Let t = -2096 + 5035. Is t prime?
True
Is (-1)/(((-4)/(-14888))/(1/(-2))) a composite number?
False
Suppose 2*k = 2*g + 29176, -k = 6*g - g - 14606. Is k composite?
False
Suppose -3*p - 6523 = -17974. Is p a composite number?
True
Let j(v) = 34*v + 15. Let m(d) = 2 - 1 + 5 - 5. Let u(b) = -j(b) + 6*m(b). Is u(-10) prime?
True
Let b(x) = 79*x**2 + 6*x - 38. Is b(15) prime?
True
Let j(f) = -26*f + 8*f + 12*f**2 - 1 + 2*f**3 + 6 - 14*f**2. Is j(7) prime?
True
Suppose 3*h = h + 50. Let u(w) = 581*w**3 - 89*w**3 - 14*w**2 - 12*w**2 + h*w**2. Is u(1) composite?
False
Let y be -1 - (1 + (-6870)/5). Suppose -2*z = -714 - y. Is z composite?
True
Let j(p) = 1. Let t(h) = 16*h + 12. Suppose 3*r = -r - 4. Let c(m) = r*t(m) + 10*j(m). Is c(-9) prime?
False
Let m = 35412 - 13777. Is m a prime number?
False
Let m = 37069 + -576. Is m prime?
True
Let b = 201 - -1964. Is b composite?
True
Suppose 9*b = 2*b. Suppose b = 2*q - 806 - 560. Is q a composite number?
False
Let d(t) = -5*t - 6. Let i(f) = -6*f - 7. Let u(r) = 5*d(r) - 4*i(r). Let h be u(-2). Is 109 - (2 - h)/(-1) prime?
False
Is ((-28)/(-8) + -5)/((-6)/32156) a composite number?
False
Is 28/(-56) + (-4363)/(-2) a prime number?
False
Supp